{"id":1839,"date":"2024-01-18T15:27:58","date_gmt":"2024-01-18T18:27:58","guid":{"rendered":"https:\/\/artigo39.com.br\/?page_id=1839"},"modified":"2024-08-07T09:29:59","modified_gmt":"2024-08-07T12:29:59","slug":"artigos","status":"publish","type":"page","link":"https:\/\/artigo39.com.br\/index.php\/artigos\/","title":{"rendered":"Artigos"},"content":{"rendered":"<p>[vc_row full_width=&#8221;stretch_row&#8221; css=&#8221;.vc_custom_1692236640454{margin-bottom: 0px !important;}&#8221;][\/vc_row][vc_column][\/vc_column][rev_slider_vc alias=&#8221;about_us_slider&#8221; el_class=&#8221;inativado&#8221;][vc_column_text css=&#8221;.vc_custom_1705603171084{margin-bottom: 30px !important;}&#8221;]<span style=\"font-size: 14pt;\"><strong>Nesta p\u00e1gina, voc\u00ea poder\u00e1 ler conte\u00fado criado por nossa equipe relacionado \u00e0s nossas atividades jur\u00eddicas.<\/strong><\/span><\/p>\n<p>Clique no artigo desejado abaixo para ler o texto na \u00edntegra![\/vc_column_text][vc_custom_heading text=&#8221;Artigos Publicados&#8221; use_theme_fonts=&#8221;yes&#8221;][vc_row][vc_column][vc_basic_grid post_type=&#8221;post&#8221; max_items=&#8221;12&#8243; grid_id=&#8221;vc_gid:1705603252081-f60c2e80-507f-5&#8243;][\/vc_column][\/vc_row]<\/p>\n","protected":false},"excerpt":{"rendered":"<p>[vc_row full_width=&#8221;stretch_row&#8221; css=&#8221;.vc_custom_1692236640454{margin-bottom: 0px !important;}&#8221;][\/vc_row][vc_column][\/vc_column][rev_slider_vc alias=&#8221;about_us_slider&#8221; el_class=&#8221;inativado&#8221;][vc_column_text css=&#8221;.vc_custom_1705603171084{margin-bottom: 30px !important;}&#8221;]Nesta p\u00e1gina, voc\u00ea poder\u00e1 ler conte\u00fado criado por nossa equipe relacionado \u00e0s nossas atividades jur\u00eddicas. Clique no artigo desejado abaixo para ler o texto&#8230;<\/p>\n","protected":false},"author":1,"featured_media":0,"parent":0,"menu_order":0,"comment_status":"closed","ping_status":"closed","template":"","meta":{"_joinchat":[],"footnotes":""},"class_list":["post-1839","page","type-page","status-publish","hentry"],"_links":{"self":[{"href":"https:\/\/artigo39.com.br\/index.php\/wp-json\/wp\/v2\/pages\/1839","targetHints":{"allow":["GET"]}}],"collection":[{"href":"https:\/\/artigo39.com.br\/index.php\/wp-json\/wp\/v2\/pages"}],"about":[{"href":"https:\/\/artigo39.com.br\/index.php\/wp-json\/wp\/v2\/types\/page"}],"author":[{"embeddable":true,"href":"https:\/\/artigo39.com.br\/index.php\/wp-json\/wp\/v2\/users\/1"}],"replies":[{"embeddable":true,"href":"https:\/\/artigo39.com.br\/index.php\/wp-json\/wp\/v2\/comments?post=1839"}],"version-history":[{"count":8,"href":"https:\/\/artigo39.com.br\/index.php\/wp-json\/wp\/v2\/pages\/1839\/revisions"}],"predecessor-version":[{"id":1848,"href":"https:\/\/artigo39.com.br\/index.php\/wp-json\/wp\/v2\/pages\/1839\/revisions\/1848"}],"wp:attachment":[{"href":"https:\/\/artigo39.com.br\/index.php\/wp-json\/wp\/v2\/media?parent=1839"}],"curies":[{"name":"wp","href":"https:\/\/api.w.org\/{rel}","templated":true}]}}